ivided by 56?
53
What is the remainder when 29 is divided by 4?
1
Calculate the remainder when 867 is divided by 20.
7
What is the remainder when 1439 is divided by 56?
39
Calculate the remainder when 234 is divided by 23.
4
Calculate the remainder when 27 is divided by 10.
7
Calculate the remainder when 4390 is divided by 31.
19
What is the remainder when 3741 is divided by 16?
13
What is the remainder when 2903 is divided by 42?
5
What is the remainder when 473 is divided by 51?
14
What is the remainder when 696 is divided by 17?
16
Calculate the remainder when 1671 is divided by 1659.
12
What is the remainder when 2225 is divided by 185?
5
What is the remainder when 423 is divided by 85?
83
What is the remainder when 131 is divided by 15?
11
Calculate the remainder when 93 is divided by 5.
3
Calculate the remainder when 589 is divided by 12.
1
Calculate the remainder when 214 is divided by 31.
28
What is the remainder when 3634 is divided by 17?
13
What is the remainder when 2084 is divided by 30?
14
What is the remainder when 261 is divided by 77?
30
Calculate the remainder when 256 is divided by 52.
48
Calculate the remainder when 2131 is divided by 52.
51
Calculate the remainder when 715 is divided by 60.
55
What is the remainder when 12 is divided by 1?
0
Calculate the remainder when 578 is divided by 19.
8
Calculate the remainder when 115 is divided by 26.
11
What is the remainder when 165 is divided by 35?
25
What is the remainder when 2317 is divided by 38?
37
Calculate the remainder when 1498 is divided by 372.
10
What is the remainder when 122 is divided by 37?
11
Calculate the remainder when 33 is divided by 19.
14
What is the remainder when 8647 is divided by 346?
343
What is the remainder when 27741 is divided by 11?
10
Calculate the remainder when 140 is divided by 84.
56
What is the remainder when 247 is divided by 51?
43
What is the remainder when 229 is divided by 23?
22
Calculate the remainder when 74 is divided by 24.
2
Calculate the remainder when 135 is divided by 23.
20
Calculate the remainder when 761 is divided by 4.
1
Calculate the remainder when 691 is divided by 42.
19
What is the remainder when 21472 is divided by 236?
232
Calculate the remainder when 1785 is divided by 94.
93
What is the remainder when 103 is divided by 1?
0
Calculate the remainder when 735 is divided by 78.
33
What is the remainder when 80 is divided by 66?
14
Calculate the remainder when 365 is divided by 117.
14
What is the remainder when 22983 is divided by 221?
220
Calculate the remainder when 224 is divided by 47.
36
Calculate the remainder when 121 is divided by 49.
23
What is the remainder when 306 is divided by 101?
3
Calculate the remainder when 29 is divided by 24.
5
Calculate the remainder when 8574 is divided by 67.
65
Calculate the remainder when 46122 is divided by 5.
2
What is the remainder when 108 is divided by 44?
20
Calculate the remainder when 205 is divided by 78.
49
Calculate the remainder when 584 is divided by 13.
12
Calculate the remainder when 305 is divided by 7.
4
What is the remainder when 535 is divided by 75?
10
Calculate the remainder when 671 is divided by 28.
27
Calculate the remainder when 46 is divided by 27.
19
What is the remainder when 640 is divided by 34?
28
Calculate the remainder when 622 is divided by 40.
22
What is the remainder when 173 is divided by 59?
55
Calculate the remainder when 194 is divided by 65.
64
Calculate the remainder when 755 is divided by 13.
1
What is the remainder when 6788 is divided by 8?
4
Calculate the remainder when 158 is divided by 45.
23
Calculate the remainder when 116 is divided by 5.
1
What is the remainder when 63 is divided by 55?
8
Calculate the remainder when 246 is divided by 122.
2
Calculate the remainder when 473 is divided by 18.
5
What is the remainder when 511 is divided by 129?
124
Calculate the remainder when 576 is divided by 10.
6
Calculate the remainder when 2523 is divided by 256.
219
What is the remainder when 1441 is divided by 7?
6
Calculate the remainder when 195 is divided by 48.
3
Calculate the remainder when 257 is divided by 39.
23
What is the remainder when 959 is divided by 42?
35
What is the remainder when 74 is divided by 36?
2
Calculate the remainder when 164 is divided by 135.
29
What is the remainder when 4757 is divided by 101?
10
Calculate the remainder when 955 is divided by 344.
267
What is the remainder when 103 is divided by 97?
6
What is the remainder when 5564 is divided by 48?
44
What is the remainder when 34 is divided by 32?
2
What is the remainder when 1825 is divided by 61?
56
What is the remainder when 116 is divided by 34?
14
What is the remainder when 811 is divided by 26?
5
What is the remainder when 992 is divided by 204?
176
Calculate the remainder when 302 is divided by 264.
38
What is the remainder when 254 is divided by 29?
22
Calculate the remainder when 2143 is divided by 74.
71
Calculate the remainder when 1898 is divided by 19.
17
Calculate the remainder when 1166 is divided by 195.
191
Calculate the remainder when 2399 is divided by 36.
23
What is the remainder when 1127 is divided by 117?
74
What is the remainder when 96 is divided by 19?
1
What is the remainder when 2336 is divided by 19?
18
What is the remainder when 444 is divided by 147?
3
What is the remainder when 1559 is divided by 130?
129
What is the remainder when 1093 is divided by 5?
3
Calculate the remainder when 633 is divided by 29.
24
Calculate the remainder when 10944 is divided by 55.
54
Calculate the remainder when 21 is divided by 17.
4
Calculate the remainder when 74 is divided by 17.
6
Calculate the remainder when 68 is divided by 10.
8
What is the remainder when 4450 is divided by 109?
90
What is the remainder when 1809 is divided by 60?
9
What is the remainder when 135 is divided by 6?
3
What is the remainder when 442 is divided by 230?
212
Calculate the remainder when 1393 is divided by 17.
16
What is the remainder when 5134 is divided by 50?
34
What is the remainder when 108 is divided by 61?
47
Calculate the remainder when 89 is divided by 27.
8
What is the remainder when 105 is divided by 27?
24
Calculate the remainder when 95 is divided by 24.
23
Calculate the remainder when 134 is divided by 5.
4
What is the remainder when 4376 is divided by 22?
20
What is the remainder when 3590 is divided by 171?
170
What is the remainder when 48 is divided by 25?
23
Calculate the remainder when 113 is divided by 62.
51
Calculate the remainder when 176 is divided by 60.
56
Calculate the remainder when 8058 is divided by 26.
24
Calculate the remainder when 919 is divided by 235.
214
What is the remainder when 181 is divided by 17?
11
Calculate the remainder when 735 is divided by 111.
69
What is the remainder when 242 is divided by 3?
2
What is the remainder when 2130 is divided by 7?
2
Calculate the remainder when 71 is divided by 24.
23
What is the remainder when 380 is divided by 127?
126
What is the remainder when 72 is divided by 41?
31
What is the remainder when 1033 is divided by 14?
11
What is the remainder when 448 is divided by 75?
73
What is the remainder when 173 is divided by 25?
23
What is the remainder when 225 is divided by 65?
30
What is the remainder when 990 is divided by 16?
14
Calculate the remainder when 692 is divided by 241.
210
What is the remainder when 202 is divided by 70?
62
Calculate the remainder when 848 is divided by 20.
8
Calculate the remainder when 297 is divided by 151.
146
Calculate the remainder when 416 is divided by 21.
17
What is the remainder when 1527 is divided by 84?
15
Calculate the remainder when 594 is divided by 79.
41
Calculate the remainder when 156 is divided by 19.
4
Calculate the remainder when 32 is divided by 11.
10
What is the remainder when 2171 is divided by 128?
123
What is the remainder when 57 is divided by 50?
7
What is the remainder when 1125 is divided by 35?
5
Calculate the remainder when 122 is divided by 38.
8
What is the remainder when 521 is divided by 254?
13
What is the remainder when 4438 is divided by 39?
31
Calculate the remainder when 339 is divided by 80.
19
What is the remainder when 249 is divided by 4?
1
Calculate the remainder when 260 is divided by 38.
32
Calcul